{"id":8,"date":"2020-05-13T13:27:39","date_gmt":"2020-05-13T11:27:39","guid":{"rendered":"http:\/\/summertime.fr\/?page_id=8"},"modified":"2020-05-14T15:51:41","modified_gmt":"2020-05-14T13:51:41","slug":"accueil","status":"publish","type":"page","link":"https:\/\/summertime.fr\/","title":{"rendered":""},"content":{"rendered":"\n<p class=\"has-text-align-center\"><strong>Summertime<\/strong> est depuis 2005 un acteur incontournable dans l&rsquo;univers de la <strong>musique et du<\/strong> <strong>son<\/strong><\/p>\n\n\n\n<p class=\"has-text-align-center\">I<\/p>\n\n\n\n<p class=\"has-text-align-center\"><strong>Captation et post-production<\/strong> de concerts, spectacles et plateaux tv<\/p>\n\n\n\n<p class=\"has-text-align-center\"><strong>R\u00e9alisation<\/strong> et enregistrement d&rsquo;<strong>albums<\/strong><\/p>\n\n\n\n<p class=\"has-text-align-center\">Cr\u00e9ation de <strong>bande originale<\/strong> de films<\/p>\n\n\n\n<p class=\"has-text-align-center\"> I<\/p>\n\n\n\n<p class=\"has-text-align-center\">Une \u00e9quipe sur-mesure de <strong>talents et d&rsquo;experts<\/strong> est constitu\u00e9e pour chaque projet<\/p>\n","protected":false},"excerpt":{"rendered":"<p>Summertime est depuis 2005 un acteur incontournable dans l&rsquo;univers de la musique et du son I Captation et post-production de concerts, spectacles et plateaux tv R\u00e9alisation et enregistrement d&rsquo;albums Cr\u00e9ation de bande originale de films I Une \u00e9quipe sur-mesure de talents et d&rsquo;experts est constitu\u00e9e pour chaque projet<\/p>\n","protected":false},"author":1,"featured_media":0,"parent":0,"menu_order":0,"comment_status":"closed","ping_status":"closed","template":"","meta":[],"_links":{"self":[{"href":"https:\/\/summertime.fr\/index.php\/wp-json\/wp\/v2\/pages\/8"}],"collection":[{"href":"https:\/\/summertime.fr\/index.php\/wp-json\/wp\/v2\/pages"}],"about":[{"href":"https:\/\/summertime.fr\/index.php\/wp-json\/wp\/v2\/types\/page"}],"author":[{"embeddable":true,"href":"https:\/\/summertime.fr\/index.php\/wp-json\/wp\/v2\/users\/1"}],"replies":[{"embeddable":true,"href":"https:\/\/summertime.fr\/index.php\/wp-json\/wp\/v2\/comments?post=8"}],"version-history":[{"count":17,"href":"https:\/\/summertime.fr\/index.php\/wp-json\/wp\/v2\/pages\/8\/revisions"}],"predecessor-version":[{"id":80,"href":"https:\/\/summertime.fr\/index.php\/wp-json\/wp\/v2\/pages\/8\/revisions\/80"}],"wp:attachment":[{"href":"https:\/\/summertime.fr\/index.php\/wp-json\/wp\/v2\/media?parent=8"}],"curies":[{"name":"wp","href":"https:\/\/api.w.org\/{rel}","templated":true}]}}